by 9/6*(-846)/w?
44
Let c = -2 + -1. Let r be 0 - (c - (5 + -3)). Calculate the remainder when 15 is divided by 5/(-5) + 2*r.
6
What is the remainder when 167 is divided by ((-34)/6)/(56/(-336))?
31
Suppose 1 + 3 = 2*j. Suppose g - j*g = -6. Suppose 3*s - 5*a = 48, -5*s + 16 = -4*s - 2*a. What is the remainder when s is divided by g?
4
Let i(f) = -f**3 - 6*f**2 - f - 3. Let d be i(-6). Suppose 300 = d*h + 3*h. Let z = -33 + h. What is the remainder when z is divided by 10?
7
Calculate the remainder when 0*4/16 - (3 + -78) is divided by 8.
3
Suppose 0 = -62*t + 49*t + 169. Calculate the remainder when 44 is divided by t.
5
Suppose -5*d = -2*z + 2306, 0 = 27*d - 31*d - 16. Calculate the remainder when z is divided by 31.
27
Let v = -2208 + 2261. Suppose y + 7 = u, -6*u - 2*y = -u - 7. Suppose 32 + 10 = u*d. Calculate the remainder when v is divided by d.
11
Suppose 20*z - 213 - 347 = 0. Calculate the remainder when 122 is divided by z.
10
Let h = 189 - 282. Let w = 132 + h. Calculate the remainder when w is divided by 10.
9
Suppose -12*w + 5 = -43. Suppose 0 = 2*y - 6*y + 332. Calculate the remainder when y is divided by (-3 - -5 - w)*-14.
27
Suppose 0 = -3*v - 0*v - 2*h + 399, -5*v = -2*h - 649. Let t = v - 74. What is the remainder when t is divided by 29?
28
Let h be (5 - 1) + 54 + -1. Suppose r - 2*r - l + 30 = 0, l = 2*r - h. Calculate the remainder when r is divided by 6.
5
Let s(o) = -o**2 - 5*o - 1. Let k be s(-4). Suppose -k*x = -x - 54. What is the remainder when x is divided by 15?
12
Suppose s + 4*s - g = 365, -3*s + 3*g + 231 = 0. Suppose -p + 83 = 2*w - s, -p = -w + 70. What is the remainder when w is divided by 26?
23
Suppose -6*x = -2*x - 304. Let b = -182 + 198. What is the remainder when x is divided by b?
12
Suppose -5*m = 3*q - 55, 2*m + 7*q - 41 = 2*q. Calculate the remainder when 23 is divided by m.
7
Let k(b) = -14*b + 145. What is the remainder when 833 is divided by k(9)?
16
Suppose -3*a - a = -4. What is the remainder when 3 + a + (-19)/(114/(-84)) is divided by 5?
3
Let c = 19 + -10. Suppose 20*u = 12*u - 584. Let o = u + 76. Calculate the remainder when c is divided by o.
0
Let w = -102 + 174. Suppose x - 12 = w. What is the remainder when x is divided by 415/25 - (-16)/40?
16
Suppose 5*p - f - 14 = 0, 10 = 4*p - 3*f - 10. Suppose 35 - 1 = p*u. Let x = -29 + 95. Calculate the remainder when x is divided by u.
15
Let o(k) = 7 - 21 + 5*k - 19*k**2 - k**3 - 26*k. Calculate the remainder when o(-18) is divided by 6.
4
Let u(c) be the first derivative of c**4/4 - c**3/3 - c**2/2 + 2*c - 1. What is the remainder when 186/27 - 16/(-144) is divided by u(0)?
1
Suppose 7 = 2*n - 15. Suppose 2*j - 12 = -4*j. Suppose -4*d + 7 + 11 = 2*i, -j*d = 3*i - 3. Calculate the remainder when n is divided by d.
5
Suppose w = 5*s - 49, 4*s - 5*w - 67 + 11 = 0. Let z(v) = 11*v**2 + 1. Let b be z(-1). Suppose -d - d + b = 0. What is the remainder when s is divided by d?
3
Suppose 0 = -4*w - 32 + 192. Suppose -5*c = n - 29, 3*c - 19 = -c - 5*n. Calculate the remainder when w is divided by c.
4
Let f = 1994 + -1948. What is the remainder when f is divided by 10?
6
Let b = -64 + 129. Let v = 79 - b. What is the remainder when 38 is divided by v?
10
Let u(i) = 17*i + 5. What is the remainder when u(6) is divided by 27?
26
Let n = -70 - -102. What is the remainder when 68 is divided by n?
4
Suppose p + 32 = 9*p. Suppose 0*l = x + 5*l - 12, 2*x = -p*l + 30. What is the remainder when 48 is divided by x?
14
Let s = 2 + -3. Let v be (s - (2 - 3))/1. Calculate the remainder when 35 is divided by 4*((1 - -2) + v).
11
Suppose v + 16 = 5*v. Let b(x) = -2 - 12*x + 8*x + 9*x + v*x. What is the remainder when b(4) is divided by 12?
10
Let y(c) = -11*c + 19. Let m(k) = -5*k + 10. Let t(w) = 7*m(w) - 3*y(w). Let v be -5*(-3 - (-29)/5). Calculate the remainder when t(v) is divided by 14.
13
Let p be 3*((-14)/(-3) + -1). Suppose 2*z - p = -1. What is the remainder when 18 is divided by z?
3
Let t be (-8)/(-4) + 2 - 1. Suppose -8 = t*f - 23. Suppose -4*h + 42 = -f*j, 5*h + 5 = j + 68. Calculate the remainder when 38 is divided by h.
12
Let u(v) = 2*v**2 - v - 12. What is the remainder when u(7) is divided by 26?
1
Suppose -4*o + 2*l = -0*l - 276, 3*o = -3*l + 198. Let y = o - 33. Calculate the remainder when 208 is divided by y.
33
Suppose 57 = 2*h - 13. Calculate the remainder when 136 is divided by h.
31
Let d(c) = 7*c**3 - 2*c**2 + 2*c. Calculate the remainder when 13 is divided by d(1).
6
Suppose 30 = -291*k + 296*k. Calculate the remainder when 21 is divided by k.
3
Let g be 3 + 16/(-6) - (-42)/9. Suppose -4*b - 17 - 110 = -o, -15 = g*b. What is the remainder when o is divided by 30?
25
Suppose -63*n - 406 = -70*n. What is the remainder when n is divided by 48?
10
Let x(b) = b**3 - 15*b**2 - 3*b + 1. Let a be x(15). Let w = -34 - a. What is the remainder when 158 is divided by w?
8
Let c = -658 - -694. Calculate the remainder when -102*(-2 + 1 + 0) is divided by c.
30
Suppose 0*v + 5*v - 185 = 0. Let a(k) = -k + 18*k**3 + 6 - 18 - 17*k**3 + 3*k - 11*k**2. What is the remainder when v is divided by a(11)?
7
Let k(j) = -6*j - 9. Let m = -51 + 47. Calculate the remainder when k(m) is divided by 9.
6
Let k = 62 + -20. Suppose 2*a + k = 4*x, 39 = 4*x + 2*a - 3*a. What is the remainder when 2/(-2)*(-2 - -1)*23 is divided by x?
5
Suppose b - 9*b = 0. Suppose -u = -b - 11. What is the remainder when 54 is divided by u?
10
Suppose 3*u - 7*u - 20 = 0. Let l(h) = -h**3 - 8*h**2 - 8*h - 10. What is the remainder when l(-8) is divided by (-6)/u*735/63?
12
Let g(s) = 10*s - 17. Let c be g(6). What is the remainder when 12 is divided by (-6)/(-27) + c/9?
2
Let j(k) = 7*k**3 - k**2. Let z be j(2). Let p = -21 + z. What is the remainder when (-59)/((4 - 7) + 2) is divided by p?
28
Let t(g) = 16*g - 470. Calculate the remainder when 140 is divided by t(33).
24
Let y = -642 + 689. What is the remainder when 100 is divided by y?
6
Let u = -378 + 432. What is the remainder when 128 is divided by u?
20
Suppose -3*h + 66 + 54 = 0. Suppose -5*m + 3 = -2*p, -m - 4 = -p + 2. Calculate the remainder when -1 + h - (-10)/5 is divided by p.
8
Suppose -n - o + 63 = 0, o + 315 = -13*n + 18*n. Calculate the remainder when n is divided by 40.
23
Suppose 3*l - l = 5*d + 142, 409 = 5*l + d. What is the remainder when l is divided by 21/((-3)/9*-3)?
18
Let i be (-3 + 3)/(5 + -4). Suppose i = -5*b + 20, 0*p + p + 21 = 5*b. Calculate the remainder when 6 is divided by (-6)/(-9)*(5 - p).
2
Suppose -2*a + 2*r + 304 = 0, -8*a - 459 = -11*a + 2*r. What is the remainder when 469 is divided by a?
4
Let s = -18 + 25. Suppose -2*y - 18 = -4*i, 27 = 4*i + 2*y - s*y. Calculate the remainder when 17 is divided by i/(3 + (-36)/15).
2
Let p = -1 + 4. Suppose p = 2*x - 5. Suppose 9*s - 4*s = x*z - 75, 3*z - 63 = -3*s. Calculate the remainder when 38 is divided by z.
18
Let z = -377 - -391. What is the remainder when 1467 is divided by z?
11
Let y = -43 + 15. Let g = -3 + -48. Let r = y - g. What is the remainder when 43 is divided by r?
20
Let v(a) = 3*a**2 + 3*a + 2. Let k(g) = -22*g - 15. Let t be k(-6). Suppose -t - 123 = -12*m. What is the remainder when v(3) is divided by m?
18
Let y be 27*(-7)/(-84) + (-2)/8. Calculate the remainder when 102 is divided by (-848)/(-40) + y/(-10).
18
Let r = 2153 + -1638. Calculate the remainder when r is divided by 131.
122
Let j = 17 + -8. Let f(l) be the third derivative of l**5/60 + l**4/3 + 17*l**3/6 - 29*l**2. What is the remainder when f(-8) is divided by j?
8
Let t = 21 + 30. Let d = 95 - t. Calculate the remainder when d is divided by 24.
20
Let m(t) = -t + 15. Calculate the remainder when -1 - (-21)/28 - (-233)/4 is divided by m(0).
13
Let s(w) = w**2 - 2*w + 40. What is the remainder when s(0) is divided by 1 - (3 - 2) - -14?
12
Let c(m) be the third derivative of m**6/120 - m**5/3 + 5*m**4/6 + 7*m**3/3 - 22*m**2. What is the remainder when 95 is divided by c(19)?
29
Suppose -38*b + 2207 = -1289. What is the remainder when b is divided by 33?
26
Let d = 192 - 152. Calculate the remainder when 238 is divided by d.
38
Suppose -4*k + 529 = 13. Let c = -78 + k. Calculate the remainder when c is divided by 20.
11
Suppose 2*y - 5*k - 66 = 0, -4*y + 3*y + 20 = 4*k